se 8, what is 11 - -12?
23
In base 9, what is 2 + -38?
-36
In base 4, what is 1 - -2?
3
In base 8, what is -343 - -27?
-314
In base 2, what is -110101 - -1100001?
101100
In base 9, what is 2552 - -5?
2557
In base 7, what is 5 - -62?
100
In base 7, what is -20 + -2?
-22
In base 7, what is -165 + -21?
-216
In base 7, what is -3616 - -11?
-3605
In base 5, what is -4 - -1134?
1130
In base 14, what is -6b + 0?
-6b
In base 11, what is 3 + 1a7?
1aa
In base 6, what is -13133 - -5?
-13124
In base 11, what is -3 + 53?
50
In base 9, what is -14 - 121?
-135
In base 5, what is 4 + -11322?
-11313
In base 2, what is 100000 - -1111011?
10011011
In base 14, what is -2c + 2?
-2a
In base 3, what is -10 - -22122?
22112
In base 7, what is 22 - -10?
32
In base 8, what is 5 - 1454?
-1447
In base 11, what is -3 - 173?
-176
In base 12, what is -226 + 19?
-209
In base 4, what is -11 + -2012?
-2023
In base 5, what is -43 + -12?
-110
In base 12, what is -3 + 122?
11b
In base 3, what is 112 + 1112112?
1120001
In base 2, what is -100 - 11111110?
-100000010
In base 10, what is 8210 + 0?
8210
In base 14, what is 8 - -2?
a
In base 13, what is -111 + 3a?
-a4
In base 9, what is 1131 - -4?
1135
In base 6, what is 553 - -333?
1330
In base 15, what is -10b - 6?
-112
In base 2, what is 11111 + -100?
11011
In base 2, what is 10101 - -10000?
100101
In base 12, what is -4 - 57?
-5b
In base 16, what is 7 - 18?
-11
In base 2, what is -111001100 + -10?
-111001110
In base 4, what is -321301 + 2?
-321233
In base 13, what is 121 - 14?
10a
In base 6, what is -114 + -1051?
-1205
In base 12, what is -289 - -1?
-288
In base 4, what is -12 + -320?
-332
In base 2, what is -11 - -100101101?
100101010
In base 12, what is -196 + 1?
-195
In base 5, what is 313 - 13?
300
In base 7, what is -5 - -164?
156
In base 4, what is 3 - 210201?
-210132
In base 7, what is 1 - -344?
345
In base 3, what is -11221202 - -12?
-11221120
In base 14, what is 359 - -1?
35a
In base 14, what is -1 - 1322?
-1323
In base 13, what is b780 - 0?
b780
In base 10, what is 40 - 5?
35
In base 16, what is 6a2 + -3?
69f
In base 4, what is -201 - -1213?
1012
In base 11, what is -19 + 4?
-15
In base 5, what is 31 + -4?
22
In base 8, what is -10 - 66?
-76
In base 3, what is -2101000 + -11?
-2101011
In base 12, what is 15a + 4?
162
In base 12, what is -43 - 16?
-59
In base 16, what is a - 74?
-6a
In base 6, what is 5 + 101?
110
In base 16, what is -20 - 18?
-38
In base 3, what is 21220 + -12?
21201
In base 14, what is 56 - 4?
52
In base 7, what is 442 - 5?
434
In base 13, what is 1891 - 0?
1891
In base 14, what is 4 - -1882?
1886
In base 12, what is -314 - -18?
-2b8
In base 9, what is 12 - 72?
-60
In base 15, what is 5 - 6?
-1
In base 11, what is 1 - -76?
77
In base 12, what is 76b + -1?
76a
In base 14, what is -8 - -2d8?
2d0
In base 14, what is 167 + 1?
168
In base 8, what is -2 - 12415?
-12417
In base 6, what is 132 - 100?
32
In base 4, what is 3 - 1131?
-1122
In base 5, what is -13 - -101?
33
In base 8, what is -131 - -3?
-126
In base 10, what is -5718 + 5?
-5713
In base 2, what is -10 + -1100010?
-1100100
In base 10, what is 72 + 41?
113
In base 11, what is 1 + 430?
431
In base 10, what is -3 + 55?
52
In base 7, what is -322 - -5?
-314
In base 13, what is 2b44 + -5?
2b3c
In base 13, what is 341 - 21?
320
In base 12, what is -9 + -226?
-233
In base 16, what is -1a - 9?
-23
In base 7, what is -100 + -41?
-141
In base 7, what is -26 + 10?
-16
In base 7, what is 0 - 1125?
-1125
In base 8, what is 14 + -1223?
-1207
In base 8, what is -4 - 512?
-516
In base 11, what is 6 + 333?
339
In base 3, what is 110 - -20?
200
In base 6, what is 110 - 132?
-22
In base 6, what is 22 + 2?
24
In base 3, what is -1102 + -102?
-1211
In base 10, what is -123 - 3?
-126
In base 4, what is -11 + 0?
-11
In base 4, what is -2001 - -100?
-1301
In base 7, what is 0 + -220?
-220
In base 8, what is 43 + 71?
134
In base 4, what is 1300 - -13?
1313
In base 4, what is 20210 + 2?
20212
In base 9, what is 5 - 32?
-26
In base 14, what is -4 - -67?
63
In base 4, what is -121323 - 20?
-122003
In base 6, what is 452 - 0?
452
In base 2, what is -1000 + -1000010?
-1001010
In base 11, what is -3 - 700?
-703
In base 16, what is 96 + 5?
9b
In base 7, what is -1 - -6400?
6366
In base 6, what is 14 - 541?
-523
In base 2, what is 10100 - -110100?
1001000
In base 6, what is -3 + -210?
-213
In base 5, what is 43 - -34?
132
In base 14, what is -2 + 13c6?
13c4
In base 13, what is -a5 - 0?
-a5
In base 14, what is c0 + 8?
c8
In base 15, what is 1173 - 4?
116e
In base 5, what is -211 - -1030?
314
In base 10, what is 1904 + -3?
1901
In base 12, what is -7 + 16?
b
In base 13, what is -5 - -c1?
b9
In base 15, what is -5 - 6ee?
-704
In base 15, what is 4 - -57?
5b
In base 12, what is 435 + -4?
431
In base 3, what is 101021000 - -1?
101021001
In base 11, what is -88 - 0?
-88
In base 4, what is -12 - 200?
-212
In base 4, what is 1 - 1031?
-1030
In base 5, what is 20 + -134?
-114
In base 10, what is -224 + 6?
-218
In base 10, what is 5 - 607?
-602
In base 16, what is 4 - e9?
-e5
In base 14, what is -db + 9?
-d2
In base 2, what is -1001 + -1?
-1010
In base 16, what is 6f - -3?
72
In base 5, what is 10 + 131?
141
In base 12, what is 482 - -2?
484
In base 12, what is -6 + -117?
-121
In base 7, what is 5 + -162?
-154
In base 9, what is 880 + 5?
885
In base 15, what is 1 + -3?
-2
In base 15, what is 4d + 8?
56
In base 8, what is 42 - -5?
47
In base 12, what is 3 + -145?
-142
In base 2, what is -1 + -100010101101?
-100010101110
In base 15, what is 6 - 7?
-1
In base 13, what is 2 - -bc1?
bc3
In base 7, what is -1 - -1041?
1040
In base 11, what is 1 + -55?
-54
In base 10, what is 66 + -32?
34
In base 14, what is 5 + 381?
386
In base 5, what is -2 + 1033?
1031
In base 5, what is -3 - -3421?
3413
In base 9, what is -14 + -586?
-611
In base 3, what is 21012 - -2?
21021
In base 15, what is -1d + -5?
-23
In base 5, what is -33224 + -1?
-33230
In base 5, what is -10 + 30?
20
In base 8, what is -1434 - -3?
-1431
In base 13, what is -1 - 3?
-4
In base 4, what is 3221 - -3?
3230
In base 3, what is 12 - -121210?
121222
In base 5, what is -44 + 100?
1
In base 2, what is 10000 + 1000001?
1010001
In base 3, what is 100 - 2212?
-2112
In base 5, what is -14 + 123?
104
In base 15, what is 2 - 6e?
-6c
In base 5, what is 110004 - -10?
110014
In base 14, what is -1 - -59?
58
In base 5, what is 102 + 11?
113
In base 14, what is -19 + -97?
-b2
In base 4, what is -3 - 1?
-10
In base 16, what is -4 - 5fd?
-601
In base 5, what is -1212122 - -4?
-1212113
In base 14, what is 35 - -1?
36
In base 16, what is 29 - -2?
2b
In base 5, what is 22 - 121?
-44
In base 5, what is -340 + 121?
-214
In base 5, what is 12 - 2?
10
In base 7, what is 5 - 6343?
-6335
In base 14, what is 335 - 0?
335
In base 13, what is -9a8 - 5?
-9b0
In base 3, what is -20202 + 102?
-20100
In base 6, what is 22252 + -4?
22244
In base 15, what is d + -3?
a
In base 8, what is 53 - -14?
67
In base 15, what is -138a - -3?
-1387
In base 3, what is 1222 + 100201?
102200
In base 6, what is 3320 + 20?
3340
In base 14, what is 856 + 4?
85a
In base 16, what is -18 - 4e?
-66
In base 15, what is -3 - -54?
51
In base 9, what is 174 + 4?
178
In base 10, what is 3 - 17?
-14
In base 15, what is -2 + 165?
163
In base 12, what is -3139 - -1?
-3138
In base 12, what is -5 + 370?
367
In base 8, what is 10 - 1506?
-1476
In base 6, what is -2 - -4?
2
In base 11, what is 2 + -304?
-302
In base 15, what is -26c - 5?
-272
In base 6, what is -3 - -2304?
2301
In base 8, what is -67 - 56?
-145
In base 13, what is 5 + -2576?
-2571
In base 4, what is 33020 - 2?
33012
In base 4, what is -203003 - -10?
-202333
In base 3, what is -122102 - 0?
-122102
In base 6, what is -11153 - -4?
-11145
In base 2, what is 11011011100101 + 1?
11011011100110
In base 3, what is 2012 + -22?
1220
In base 9, what is -8 - -101?
82
In base 2, what is 101 - -1001010010001?
1001010010110
In base 6, what is -210200 - 2?
-210202
In base 11, what is 2 - -756?
758
In base 13, what is -135 - -2?
-133
In base 10, what is -220 + -5?
-225
In base 16, what is -7 - -33?
2c
In base 16, what is 19 + -3b?
-22
In base 8, what is 1561 + 2?
1563
In base 16, what is 1a - 2b?
-11
In base 5, what is 2 + 22030?
22032
In base 16, what is